{"id":10,"date":"2022-08-10T17:10:29","date_gmt":"2022-08-10T15:10:29","guid":{"rendered":"http:\/\/www.lesvelosdarthur.fr\/lesvelosdarthur\/?page_id=10"},"modified":"2023-03-07T10:47:01","modified_gmt":"2023-03-07T09:47:01","slug":"le-concept","status":"publish","type":"page","link":"https:\/\/www.lesvelosdarthur.fr\/index.php\/le-concept\/","title":{"rendered":"Le concept"},"content":{"rendered":"\n<p><strong>Pourquoi le v\u00e9lo cargo&nbsp;<\/strong>?<\/p>\n\n\n\n<p>Parce que c&rsquo;est un moyen d\u2019agir concr\u00e8tement pour changer nos comportements vis \u00e0 vis de notre mobilit\u00e9.<\/p>\n\n\n\n<p>Nous constatons que la voiture n&rsquo;est pas le moyen de transport adapt\u00e9 pour les d\u00e9placements de courtes distances.<\/p>\n\n\n\n<p>Le v\u00e9lo cargo est adapt\u00e9 pour de nombreux types de transports lorsqu&rsquo;un simple v\u00e9lo ne l&rsquo;est plus. Il permet le transport d&rsquo;enfants, le transport d&rsquo;objets volumineux,  tout ce que nous pouvons mettre dans le coffre de notre voiture.<\/p>\n\n\n\n<p>Mais souvent le prix de ce type de v\u00e9lo est un obstacle pour nombreux d&rsquo;entre nous.<\/p>\n\n\n\n<p>C&rsquo;est la raison pour laquelle, nous fabriquons des v\u00e9los cargo bi-porteur avant, sous plusieurs formules allant du kit \u00e0 monter soi-m\u00eame en r\u00e9cup\u00e9rant un v\u00e9lo et ses \u00e9quipements jusqu&rsquo;aux mod\u00e8les compl\u00e8tement mont\u00e9s. Ils sont r\u00e9alis\u00e9s en t\u00f4le d&rsquo;acier haute r\u00e9sistance, d\u00e9coup\u00e9es au laser et rivet\u00e9es . <\/p>\n\n\n\n<p class=\"has-text-align-center\"><a href=\"http:\/\/www.lesvelosdarthur.fr\/index.php\/pourquoi-des-velos-cargo-biporteur-avant\/\"><strong>Pourquoi des v\u00e9los cargo biporteur avant<\/strong>&nbsp;? <\/a><\/p>\n\n\n\n<p class=\"has-text-align-center\"><strong><a href=\"http:\/\/www.lesvelosdarthur.fr\/index.php\/pourquoi-utiliser-des-velos-cargo\/\">Pourquoi utiliser des v\u00e9los cargo?<\/a><\/strong><\/p>\n\n\n\n<p class=\"has-text-align-center\"><strong><a href=\"http:\/\/www.lesvelosdarthur.fr\/index.php\/pourquoi-cette-conception-de-toles-rivetees\/\">Pourquoi cette conception de t\u00f4les rivet\u00e9es?<\/a><\/strong><\/p>\n\n\n\n<p class=\"has-text-align-center\"><strong><a href=\"http:\/\/www.lesvelosdarthur.fr\/index.php\/pourquoi-des-velos-en-kit\/\">Pourquoi des v\u00e9los en kit?<\/a><\/strong><\/p>\n\n\n\n<p class=\"has-text-align-center\"><strong><a href=\"http:\/\/www.lesvelosdarthur.fr\/index.php\/pourquoi-reutiliser-un-velo-existant\/\">Pourquoi r\u00e9utiliser un v\u00e9lo existant ?<\/a><\/strong><\/p>\n\n\n\n<p class=\"has-text-align-center\"><strong><a href=\"http:\/\/www.lesvelosdarthur.fr\/index.php\/pourquoi-des-velos-durables\/\">Pourquoi des v\u00e9los durables?<\/a><\/strong><\/p>\n\n\n\n<p class=\"has-text-align-center\"><strong><a href=\"http:\/\/www.lesvelosdarthur.fr\/index.php\/comment-rendre-les-velos-durables\/\">Comment rendre les v\u00e9los durables?<\/a><\/strong><a href=\"http:\/\/www.lesvelosdarthur.fr\/lesvelosdarthur\/wp-admin\/post.php?post=163&amp;action=edit\"><\/a><\/p>\n","protected":false},"excerpt":{"rendered":"<p>Pourquoi le v\u00e9lo cargo&nbsp;? Parce que c&rsquo;est un moyen d\u2019agir concr\u00e8tement pour changer nos comportements vis \u00e0 vis de notre mobilit\u00e9. Nous constatons que la voiture n&rsquo;est pas le moyen de transport adapt\u00e9 pour les d\u00e9placements de courtes distances. Le v\u00e9lo cargo est adapt\u00e9 pour de nombreux types de transports lorsqu&rsquo;un simple v\u00e9lo ne l&rsquo;est &hellip; <\/p>\n<p class=\"link-more\"><a href=\"https:\/\/www.lesvelosdarthur.fr\/index.php\/le-concept\/\" class=\"more-link\">Continuer la lecture<span class=\"screen-reader-text\"> de &laquo;&nbsp;Le concept&nbsp;&raquo;<\/span><\/a><\/p>\n","protected":false},"author":1,"featured_media":37,"parent":0,"menu_order":0,"comment_status":"closed","ping_status":"closed","template":"","meta":{"footnotes":""},"class_list":["post-10","page","type-page","status-publish","has-post-thumbnail","hentry"],"_links":{"self":[{"href":"https:\/\/www.lesvelosdarthur.fr\/index.php\/wp-json\/wp\/v2\/pages\/10","targetHints":{"allow":["GET"]}}],"collection":[{"href":"https:\/\/www.lesvelosdarthur.fr\/index.php\/wp-json\/wp\/v2\/pages"}],"about":[{"href":"https:\/\/www.lesvelosdarthur.fr\/index.php\/wp-json\/wp\/v2\/types\/page"}],"author":[{"embeddable":true,"href":"https:\/\/www.lesvelosdarthur.fr\/index.php\/wp-json\/wp\/v2\/users\/1"}],"replies":[{"embeddable":true,"href":"https:\/\/www.lesvelosdarthur.fr\/index.php\/wp-json\/wp\/v2\/comments?post=10"}],"version-history":[{"count":43,"href":"https:\/\/www.lesvelosdarthur.fr\/index.php\/wp-json\/wp\/v2\/pages\/10\/revisions"}],"predecessor-version":[{"id":509,"href":"https:\/\/www.lesvelosdarthur.fr\/index.php\/wp-json\/wp\/v2\/pages\/10\/revisions\/509"}],"wp:featuredmedia":[{"embeddable":true,"href":"https:\/\/www.lesvelosdarthur.fr\/index.php\/wp-json\/wp\/v2\/media\/37"}],"wp:attachment":[{"href":"https:\/\/www.lesvelosdarthur.fr\/index.php\/wp-json\/wp\/v2\/media?parent=10"}],"curies":[{"name":"wp","href":"https:\/\/api.w.org\/{rel}","templated":true}]}}