{"id":64,"date":"2022-09-07T08:52:54","date_gmt":"2022-09-07T06:52:54","guid":{"rendered":"http:\/\/www.lesvelosdarthur.fr\/?page_id=64"},"modified":"2023-03-07T10:49:05","modified_gmt":"2023-03-07T09:49:05","slug":"pourquoi-des-velos-cargo-biporteur-avant","status":"publish","type":"page","link":"http:\/\/www.lesvelosdarthur.fr\/index.php\/pourquoi-des-velos-cargo-biporteur-avant\/","title":{"rendered":"Pourquoi des v\u00e9los cargo biporteur avant\u00a0?"},"content":{"rendered":"\n<p>Il existe plusieurs mod\u00e8les de v\u00e9los cargo. Vous pouvez voir les diff\u00e9rents mod\u00e8les ci-dessous. <\/p>\n\n\n\n<p>Le v\u00e9lo cargo biporteur est  plus dynamique et plus rapide par rapport \u00e0 un triporteur, un quadriporteur ou avec une remorque.<\/p>\n\n\n\n<p class=\"has-text-align-center\"><\/p>\n\n\n\n<figure class=\"wp-block-image size-full\"><img loading=\"lazy\" decoding=\"async\" width=\"583\" height=\"277\" src=\"http:\/\/www.lesvelosdarthur.fr\/lesvelosdarthur\/wp-content\/uploads\/2022\/09\/Biporteur-Avant-1.png\" alt=\"\" class=\"wp-image-193\" srcset=\"http:\/\/www.lesvelosdarthur.fr\/lesvelosdarthur\/wp-content\/uploads\/2022\/09\/Biporteur-Avant-1.png 583w, http:\/\/www.lesvelosdarthur.fr\/lesvelosdarthur\/wp-content\/uploads\/2022\/09\/Biporteur-Avant-1-300x143.png 300w\" sizes=\"auto, (max-width: 583px) 100vw, 583px\" \/><\/figure>\n\n\n\n<figure class=\"wp-block-image size-full\"><img loading=\"lazy\" decoding=\"async\" width=\"583\" height=\"277\" src=\"http:\/\/www.lesvelosdarthur.fr\/lesvelosdarthur\/wp-content\/uploads\/2022\/09\/Biporteur-Arriere-2.png\" alt=\"\" class=\"wp-image-192\" srcset=\"http:\/\/www.lesvelosdarthur.fr\/lesvelosdarthur\/wp-content\/uploads\/2022\/09\/Biporteur-Arriere-2.png 583w, http:\/\/www.lesvelosdarthur.fr\/lesvelosdarthur\/wp-content\/uploads\/2022\/09\/Biporteur-Arriere-2-300x143.png 300w\" sizes=\"auto, (max-width: 583px) 100vw, 583px\" \/><\/figure>\n\n\n\n<figure class=\"wp-block-image size-full\"><img loading=\"lazy\" decoding=\"async\" width=\"583\" height=\"277\" src=\"http:\/\/www.lesvelosdarthur.fr\/lesvelosdarthur\/wp-content\/uploads\/2022\/09\/Triporteur-Avant-1.png\" alt=\"\" class=\"wp-image-196\" srcset=\"http:\/\/www.lesvelosdarthur.fr\/lesvelosdarthur\/wp-content\/uploads\/2022\/09\/Triporteur-Avant-1.png 583w, http:\/\/www.lesvelosdarthur.fr\/lesvelosdarthur\/wp-content\/uploads\/2022\/09\/Triporteur-Avant-1-300x143.png 300w\" sizes=\"auto, (max-width: 583px) 100vw, 583px\" \/><\/figure>\n\n\n\n<figure class=\"wp-block-image size-full\"><img loading=\"lazy\" decoding=\"async\" width=\"583\" height=\"277\" src=\"http:\/\/www.lesvelosdarthur.fr\/lesvelosdarthur\/wp-content\/uploads\/2022\/09\/Triporteur-Arriere-1.png\" alt=\"\" class=\"wp-image-195\" srcset=\"http:\/\/www.lesvelosdarthur.fr\/lesvelosdarthur\/wp-content\/uploads\/2022\/09\/Triporteur-Arriere-1.png 583w, http:\/\/www.lesvelosdarthur.fr\/lesvelosdarthur\/wp-content\/uploads\/2022\/09\/Triporteur-Arriere-1-300x143.png 300w\" sizes=\"auto, (max-width: 583px) 100vw, 583px\" \/><\/figure>\n\n\n\n<figure class=\"wp-block-image size-full\"><img loading=\"lazy\" decoding=\"async\" width=\"583\" height=\"277\" src=\"http:\/\/www.lesvelosdarthur.fr\/lesvelosdarthur\/wp-content\/uploads\/2022\/09\/Quadriporteur-Avant-2.png\" alt=\"\" class=\"wp-image-194\" srcset=\"http:\/\/www.lesvelosdarthur.fr\/lesvelosdarthur\/wp-content\/uploads\/2022\/09\/Quadriporteur-Avant-2.png 583w, http:\/\/www.lesvelosdarthur.fr\/lesvelosdarthur\/wp-content\/uploads\/2022\/09\/Quadriporteur-Avant-2-300x143.png 300w\" sizes=\"auto, (max-width: 583px) 100vw, 583px\" \/><\/figure>\n\n\n\n<figure class=\"wp-block-image size-full\"><img loading=\"lazy\" decoding=\"async\" width=\"583\" height=\"277\" src=\"http:\/\/www.lesvelosdarthur.fr\/lesvelosdarthur\/wp-content\/uploads\/2022\/09\/Quadriporteur-Arriere.png\" alt=\"\" class=\"wp-image-189\" srcset=\"http:\/\/www.lesvelosdarthur.fr\/lesvelosdarthur\/wp-content\/uploads\/2022\/09\/Quadriporteur-Arriere.png 583w, http:\/\/www.lesvelosdarthur.fr\/lesvelosdarthur\/wp-content\/uploads\/2022\/09\/Quadriporteur-Arriere-300x143.png 300w\" sizes=\"auto, (max-width: 583px) 100vw, 583px\" \/><\/figure>\n\n\n\n<p class=\"has-text-align-right\"><strong><a href=\"http:\/\/www.lesvelosdarthur.fr\/index.php\/le-concept\/\">Retour<\/a><\/strong><\/p>\n\n\n\n<p><\/p>\n","protected":false},"excerpt":{"rendered":"<p>Il existe plusieurs mod\u00e8les de v\u00e9los cargo. Vous pouvez voir les diff\u00e9rents mod\u00e8les ci-dessous. Le v\u00e9lo cargo biporteur est plus dynamique et plus rapide par rapport \u00e0 un triporteur, un quadriporteur ou avec une remorque. Retour<\/p>\n","protected":false},"author":1,"featured_media":0,"parent":0,"menu_order":0,"comment_status":"closed","ping_status":"closed","template":"","meta":{"footnotes":""},"class_list":["post-64","page","type-page","status-publish","hentry"],"_links":{"self":[{"href":"http:\/\/www.lesvelosdarthur.fr\/index.php\/wp-json\/wp\/v2\/pages\/64","targetHints":{"allow":["GET"]}}],"collection":[{"href":"http:\/\/www.lesvelosdarthur.fr\/index.php\/wp-json\/wp\/v2\/pages"}],"about":[{"href":"http:\/\/www.lesvelosdarthur.fr\/index.php\/wp-json\/wp\/v2\/types\/page"}],"author":[{"embeddable":true,"href":"http:\/\/www.lesvelosdarthur.fr\/index.php\/wp-json\/wp\/v2\/users\/1"}],"replies":[{"embeddable":true,"href":"http:\/\/www.lesvelosdarthur.fr\/index.php\/wp-json\/wp\/v2\/comments?post=64"}],"version-history":[{"count":21,"href":"http:\/\/www.lesvelosdarthur.fr\/index.php\/wp-json\/wp\/v2\/pages\/64\/revisions"}],"predecessor-version":[{"id":482,"href":"http:\/\/www.lesvelosdarthur.fr\/index.php\/wp-json\/wp\/v2\/pages\/64\/revisions\/482"}],"wp:attachment":[{"href":"http:\/\/www.lesvelosdarthur.fr\/index.php\/wp-json\/wp\/v2\/media?parent=64"}],"curies":[{"name":"wp","href":"https:\/\/api.w.org\/{rel}","templated":true}]}}