{"id":600,"date":"2023-09-29T15:00:07","date_gmt":"2023-09-29T13:00:07","guid":{"rendered":"http:\/\/www.lesvelosdarthur.fr\/?page_id=600"},"modified":"2023-10-10T15:31:16","modified_gmt":"2023-10-10T13:31:16","slug":"notice-dutilisation-du-modele-bv-01-et-bve-01","status":"publish","type":"page","link":"http:\/\/www.lesvelosdarthur.fr\/index.php\/notice-dutilisation-du-modele-bv-01-et-bve-01\/","title":{"rendered":"Notice d&rsquo;utilisation du mod\u00e8le BV-01 et BVE-01"},"content":{"rendered":"\n<p class=\"has-medium-font-size\">1-Utilisation de la b\u00e9quille :<\/p>\n\n\n\n<p class=\"has-medium-font-size\">1-1- Comment enlever la b\u00e9quille<\/p>\n\n\n\n<div class=\"wp-block-columns is-layout-flex wp-container-core-columns-is-layout-9d6595d7 wp-block-columns-is-layout-flex\">\n<div class=\"wp-block-column is-layout-flow wp-block-column-is-layout-flow\" style=\"flex-basis:33.33%\">\n<p class=\"has-text-align-left\">Pousser le v\u00e9lo vers l&rsquo;avant sans serrer les freins en mettant une main sur le guidon et une main sur la selle.<\/p>\n<\/div>\n\n\n\n<div class=\"wp-block-column is-layout-flow wp-block-column-is-layout-flow\" style=\"flex-basis:66.66%\">\n<figure class=\"wp-block-image size-large\"><img loading=\"lazy\" decoding=\"async\" width=\"1024\" height=\"578\" src=\"http:\/\/www.lesvelosdarthur.fr\/lesvelosdarthur\/wp-content\/uploads\/2023\/10\/Bequille0-1-1024x578.jpg\" alt=\"\" class=\"wp-image-673\" srcset=\"http:\/\/www.lesvelosdarthur.fr\/lesvelosdarthur\/wp-content\/uploads\/2023\/10\/Bequille0-1-1024x578.jpg 1024w, http:\/\/www.lesvelosdarthur.fr\/lesvelosdarthur\/wp-content\/uploads\/2023\/10\/Bequille0-1-300x169.jpg 300w, http:\/\/www.lesvelosdarthur.fr\/lesvelosdarthur\/wp-content\/uploads\/2023\/10\/Bequille0-1-768x433.jpg 768w, http:\/\/www.lesvelosdarthur.fr\/lesvelosdarthur\/wp-content\/uploads\/2023\/10\/Bequille0-1-1536x866.jpg 1536w, http:\/\/www.lesvelosdarthur.fr\/lesvelosdarthur\/wp-content\/uploads\/2023\/10\/Bequille0-1-2048x1155.jpg 2048w\" sizes=\"auto, (max-width: 706px) 89vw, (max-width: 767px) 82vw, 740px\" \/><\/figure>\n<\/div>\n<\/div>\n\n\n\n<div class=\"wp-block-columns is-layout-flex wp-container-core-columns-is-layout-9d6595d7 wp-block-columns-is-layout-flex\">\n<div class=\"wp-block-column is-layout-flow wp-block-column-is-layout-flow\" style=\"flex-basis:33.33%\">\n<p>La b\u00e9quille s&rsquo;enl\u00e8ve<\/p>\n<\/div>\n\n\n\n<div class=\"wp-block-column is-layout-flow wp-block-column-is-layout-flow\" style=\"flex-basis:66.66%\">\n<figure class=\"wp-block-image size-large\"><img loading=\"lazy\" decoding=\"async\" width=\"1024\" height=\"578\" src=\"http:\/\/www.lesvelosdarthur.fr\/lesvelosdarthur\/wp-content\/uploads\/2023\/10\/Bequille0-2-1024x578.jpg\" alt=\"\" class=\"wp-image-679\" srcset=\"http:\/\/www.lesvelosdarthur.fr\/lesvelosdarthur\/wp-content\/uploads\/2023\/10\/Bequille0-2-1024x578.jpg 1024w, http:\/\/www.lesvelosdarthur.fr\/lesvelosdarthur\/wp-content\/uploads\/2023\/10\/Bequille0-2-300x169.jpg 300w, http:\/\/www.lesvelosdarthur.fr\/lesvelosdarthur\/wp-content\/uploads\/2023\/10\/Bequille0-2-768x433.jpg 768w, http:\/\/www.lesvelosdarthur.fr\/lesvelosdarthur\/wp-content\/uploads\/2023\/10\/Bequille0-2-1536x866.jpg 1536w, http:\/\/www.lesvelosdarthur.fr\/lesvelosdarthur\/wp-content\/uploads\/2023\/10\/Bequille0-2-2048x1155.jpg 2048w\" sizes=\"auto, (max-width: 706px) 89vw, (max-width: 767px) 82vw, 740px\" \/><\/figure>\n<\/div>\n<\/div>\n\n\n\n<p class=\"has-medium-font-size\">1-2- Comment mettre la b\u00e9quille<\/p>\n\n\n\n<div class=\"wp-block-columns is-layout-flex wp-container-core-columns-is-layout-9d6595d7 wp-block-columns-is-layout-flex\">\n<div class=\"wp-block-column is-layout-flow wp-block-column-is-layout-flow\" style=\"flex-basis:33.33%\">\n<ul class=\"wp-block-list\">\n<li>S&rsquo;assurer au pr\u00e9alable que le sol est suffisamment plat.<\/li>\n\n\n\n<li>Si l&rsquo;utilisateur se trouve du c\u00f4t\u00e9 gauche du v\u00e9lo.<\/li>\n\n\n\n<li>Mettre sa main droite sur la barre horizontale, voir la photo.<\/li>\n<\/ul>\n<\/div>\n\n\n\n<div class=\"wp-block-column is-layout-flow wp-block-column-is-layout-flow\" style=\"flex-basis:66.66%\">\n<figure class=\"wp-block-image size-large\"><img loading=\"lazy\" decoding=\"async\" width=\"1024\" height=\"578\" src=\"http:\/\/www.lesvelosdarthur.fr\/lesvelosdarthur\/wp-content\/uploads\/2023\/10\/Bequille1-1024x578.jpg\" alt=\"\" class=\"wp-image-682\" srcset=\"http:\/\/www.lesvelosdarthur.fr\/lesvelosdarthur\/wp-content\/uploads\/2023\/10\/Bequille1-1024x578.jpg 1024w, http:\/\/www.lesvelosdarthur.fr\/lesvelosdarthur\/wp-content\/uploads\/2023\/10\/Bequille1-300x169.jpg 300w, http:\/\/www.lesvelosdarthur.fr\/lesvelosdarthur\/wp-content\/uploads\/2023\/10\/Bequille1-768x433.jpg 768w, http:\/\/www.lesvelosdarthur.fr\/lesvelosdarthur\/wp-content\/uploads\/2023\/10\/Bequille1-1536x866.jpg 1536w, http:\/\/www.lesvelosdarthur.fr\/lesvelosdarthur\/wp-content\/uploads\/2023\/10\/Bequille1-2048x1155.jpg 2048w\" sizes=\"auto, (max-width: 706px) 89vw, (max-width: 767px) 82vw, 740px\" \/><\/figure>\n<\/div>\n<\/div>\n\n\n\n<div class=\"wp-block-columns is-layout-flex wp-container-core-columns-is-layout-9d6595d7 wp-block-columns-is-layout-flex\">\n<div class=\"wp-block-column is-layout-flow wp-block-column-is-layout-flow\" style=\"flex-basis:33.33%\">\n<ul class=\"wp-block-list\">\n<li>Mettre le pied gauche sur le pied le plus bas de la b\u00e9quille, voir la photo.<\/li>\n\n\n\n<li>Tirer la main droite vers l\u2019arri\u00e8re du v\u00e9lo en soulevant le v\u00e9lo.<\/li>\n\n\n\n<li>Lorsque le v\u00e9lo bascule vers l&rsquo;arri\u00e8re, enlever son pied. <\/li>\n<\/ul>\n<\/div>\n\n\n\n<div class=\"wp-block-column is-layout-flow wp-block-column-is-layout-flow\" style=\"flex-basis:66.66%\">\n<figure class=\"wp-block-image size-large\"><img loading=\"lazy\" decoding=\"async\" width=\"1024\" height=\"578\" src=\"http:\/\/www.lesvelosdarthur.fr\/lesvelosdarthur\/wp-content\/uploads\/2023\/10\/Bequille1-1-1024x578.jpg\" alt=\"\" class=\"wp-image-685\" srcset=\"http:\/\/www.lesvelosdarthur.fr\/lesvelosdarthur\/wp-content\/uploads\/2023\/10\/Bequille1-1-1024x578.jpg 1024w, http:\/\/www.lesvelosdarthur.fr\/lesvelosdarthur\/wp-content\/uploads\/2023\/10\/Bequille1-1-300x169.jpg 300w, http:\/\/www.lesvelosdarthur.fr\/lesvelosdarthur\/wp-content\/uploads\/2023\/10\/Bequille1-1-768x433.jpg 768w, http:\/\/www.lesvelosdarthur.fr\/lesvelosdarthur\/wp-content\/uploads\/2023\/10\/Bequille1-1-1536x866.jpg 1536w, http:\/\/www.lesvelosdarthur.fr\/lesvelosdarthur\/wp-content\/uploads\/2023\/10\/Bequille1-1-2048x1155.jpg 2048w\" sizes=\"auto, (max-width: 706px) 89vw, (max-width: 767px) 82vw, 740px\" \/><\/figure>\n<\/div>\n<\/div>\n\n\n\n<div class=\"wp-block-columns is-layout-flex wp-container-core-columns-is-layout-9d6595d7 wp-block-columns-is-layout-flex\">\n<div class=\"wp-block-column is-layout-flow wp-block-column-is-layout-flow\" style=\"flex-basis:33.33%\">\n<p>Le v\u00e9lo est sur sa b\u00e9quille.<\/p>\n<\/div>\n\n\n\n<div class=\"wp-block-column is-layout-flow wp-block-column-is-layout-flow\" style=\"flex-basis:66.66%\">\n<figure class=\"wp-block-image size-large\"><img loading=\"lazy\" decoding=\"async\" width=\"1024\" height=\"578\" src=\"http:\/\/www.lesvelosdarthur.fr\/lesvelosdarthur\/wp-content\/uploads\/2023\/10\/Bequille2-1024x578.jpg\" alt=\"\" class=\"wp-image-689\" srcset=\"http:\/\/www.lesvelosdarthur.fr\/lesvelosdarthur\/wp-content\/uploads\/2023\/10\/Bequille2-1024x578.jpg 1024w, http:\/\/www.lesvelosdarthur.fr\/lesvelosdarthur\/wp-content\/uploads\/2023\/10\/Bequille2-300x169.jpg 300w, http:\/\/www.lesvelosdarthur.fr\/lesvelosdarthur\/wp-content\/uploads\/2023\/10\/Bequille2-768x433.jpg 768w, http:\/\/www.lesvelosdarthur.fr\/lesvelosdarthur\/wp-content\/uploads\/2023\/10\/Bequille2-1536x866.jpg 1536w, http:\/\/www.lesvelosdarthur.fr\/lesvelosdarthur\/wp-content\/uploads\/2023\/10\/Bequille2-2048x1155.jpg 2048w\" sizes=\"auto, (max-width: 706px) 89vw, (max-width: 767px) 82vw, 740px\" \/><\/figure>\n<\/div>\n<\/div>\n\n\n\n<div class=\"wp-block-columns is-layout-flex wp-container-core-columns-is-layout-9d6595d7 wp-block-columns-is-layout-flex\">\n<div class=\"wp-block-column is-layout-flow wp-block-column-is-layout-flow\" style=\"flex-basis:33.33%\">\n<p>Attention il ne faut pas mettre son pied sur la partie haute de la b\u00e9quille et appuyer fort, vous risquez de d\u00e9t\u00e9riorer la b\u00e9quille.<\/p>\n<\/div>\n\n\n\n<div class=\"wp-block-column is-layout-flow wp-block-column-is-layout-flow\" style=\"flex-basis:66.66%\">\n<figure class=\"wp-block-image size-large\"><img loading=\"lazy\" decoding=\"async\" width=\"1024\" height=\"578\" src=\"http:\/\/www.lesvelosdarthur.fr\/lesvelosdarthur\/wp-content\/uploads\/2023\/10\/Bequille4-1-1024x578.jpg\" alt=\"\" class=\"wp-image-676\" srcset=\"http:\/\/www.lesvelosdarthur.fr\/lesvelosdarthur\/wp-content\/uploads\/2023\/10\/Bequille4-1-1024x578.jpg 1024w, http:\/\/www.lesvelosdarthur.fr\/lesvelosdarthur\/wp-content\/uploads\/2023\/10\/Bequille4-1-300x169.jpg 300w, http:\/\/www.lesvelosdarthur.fr\/lesvelosdarthur\/wp-content\/uploads\/2023\/10\/Bequille4-1-768x433.jpg 768w, http:\/\/www.lesvelosdarthur.fr\/lesvelosdarthur\/wp-content\/uploads\/2023\/10\/Bequille4-1-1536x866.jpg 1536w, http:\/\/www.lesvelosdarthur.fr\/lesvelosdarthur\/wp-content\/uploads\/2023\/10\/Bequille4-1-2048x1155.jpg 2048w\" sizes=\"auto, (max-width: 706px) 89vw, (max-width: 767px) 82vw, 740px\" \/><\/figure>\n<\/div>\n<\/div>\n\n\n\n<p class=\"has-medium-font-size\"><strong>2- Utilisation de la direction :<\/strong><\/p>\n\n\n\n<p>Afin d\u2019\u00e9viter de d\u00e9t\u00e9riorer les c\u00e2bles de transmission de la direction&nbsp;vous ne devez jamais forcer sur le guidon lorsque la roue avant est bloqu\u00e9e contre un obstacle, un trottoir par exemple<\/p>\n\n\n\n<figure class=\"wp-block-image size-large\"><img loading=\"lazy\" decoding=\"async\" width=\"1024\" height=\"578\" src=\"http:\/\/www.lesvelosdarthur.fr\/lesvelosdarthur\/wp-content\/uploads\/2023\/10\/Direction1-1024x578.jpg\" alt=\"\" class=\"wp-image-692\" srcset=\"http:\/\/www.lesvelosdarthur.fr\/lesvelosdarthur\/wp-content\/uploads\/2023\/10\/Direction1-1024x578.jpg 1024w, http:\/\/www.lesvelosdarthur.fr\/lesvelosdarthur\/wp-content\/uploads\/2023\/10\/Direction1-300x169.jpg 300w, http:\/\/www.lesvelosdarthur.fr\/lesvelosdarthur\/wp-content\/uploads\/2023\/10\/Direction1-768x433.jpg 768w, http:\/\/www.lesvelosdarthur.fr\/lesvelosdarthur\/wp-content\/uploads\/2023\/10\/Direction1-1536x866.jpg 1536w, http:\/\/www.lesvelosdarthur.fr\/lesvelosdarthur\/wp-content\/uploads\/2023\/10\/Direction1-2048x1155.jpg 2048w\" sizes=\"auto, (max-width: 706px) 89vw, (max-width: 767px) 82vw, 740px\" \/><\/figure>\n\n\n\n<p><strong>Contr\u00f4le des c\u00e2bles&nbsp;:<\/strong><\/p>\n\n\n\n<p>Avant chaque utilisation, vous devez contr\u00f4ler le jeu des c\u00e2bles de direction entre le guidon et la roue avant.<br>1-V\u00e9lo sur la b\u00e9quille, la roue avant ne touche pas le sol.<br>2-Actionner alternativement le guidon, la roue avant doit pivoter en m\u00eame temps que le guidon. Si ce n\u2019est pas le cas, il faut r\u00e9gler le jeu des c\u00e2bles de direction.<\/p>\n\n\n\n<p class=\"has-medium-font-size\"><strong> 3- Chargement de la nacelle :<\/strong><\/p>\n\n\n\n<p>S\u2019assurer que la charge est correctement fix\u00e9e ou cal\u00e9e. Elle ne doit pas basculer en dehors de la nacelle ou d\u00e9s\u00e9quilibrer le v\u00e9lo lors de l\u2019utilisation.<br>Utiliser des sandows ou des sangles pour fixer la charge si n\u00e9cessaire.<\/p>\n\n\n\n<p class=\"has-medium-font-size\"><mark style=\"background-color:rgba(0, 0, 0, 0)\" class=\"has-inline-color has-black-color\"><strong>4- Utilisation de l&rsquo;assistance \u00e9lectrique <\/strong><\/mark><strong>pour les v\u00e9los cargo \u00e0 assistance \u00e9lectrique<\/strong><\/p>\n\n\n\n<div class=\"wp-block-columns is-layout-flex wp-container-core-columns-is-layout-9d6595d7 wp-block-columns-is-layout-flex\">\n<div class=\"wp-block-column is-layout-flow wp-block-column-is-layout-flow\" style=\"flex-basis:33.33%\">\n<p>Notice d&rsquo;utilisation de l&rsquo;\u00e9cran :<\/p>\n\n\n\n<p>Utilisation rapide :<\/p>\n\n\n\n<p>2-1- Appuyer sur le bouton de mise en marche situ\u00e9 \u00e0 gauche sur le guidon.<\/p>\n\n\n\n<p>2-2- Appuyer sur les boutons + fl\u00e8che vers la haut, ou &#8211; fl\u00e8che vers le bas  pour changer le niveau d&rsquo;assistance.<\/p>\n\n\n\n<p>Par d\u00e9faut \u00e0 la mise en route le niveau d&rsquo;assistance est sur le 2 <\/p>\n<\/div>\n\n\n\n<div class=\"wp-block-column is-layout-flow wp-block-column-is-layout-flow\" style=\"flex-basis:66.66%\">\n<div data-wp-interactive=\"core\/file\" class=\"wp-block-file\"><object data-wp-bind--hidden=\"!state.hasPdfPreview\" hidden class=\"wp-block-file__embed\" data=\"http:\/\/www.lesvelosdarthur.fr\/lesvelosdarthur\/wp-content\/uploads\/2023\/09\/Notice-utilisation-display-LCD3.pdf\" type=\"application\/pdf\" style=\"width:100%;height:600px\" aria-label=\"Contenu embarqu\u00e9 Notice utilisation display LCD3.\"><\/object><a id=\"wp-block-file--media-5ca7c2c3-041c-46cc-ac34-2c9a31a302d6\" href=\"http:\/\/www.lesvelosdarthur.fr\/lesvelosdarthur\/wp-content\/uploads\/2023\/09\/Notice-utilisation-display-LCD3.pdf\">Notice utilisation display LCD3<\/a><a href=\"http:\/\/www.lesvelosdarthur.fr\/lesvelosdarthur\/wp-content\/uploads\/2023\/09\/Notice-utilisation-display-LCD3.pdf\" class=\"wp-block-file__button wp-element-button\" download aria-describedby=\"wp-block-file--media-5ca7c2c3-041c-46cc-ac34-2c9a31a302d6\">T\u00e9l\u00e9charger<\/a><\/div>\n<\/div>\n<\/div>\n","protected":false},"excerpt":{"rendered":"<p>1-Utilisation de la b\u00e9quille : 1-1- Comment enlever la b\u00e9quille Pousser le v\u00e9lo vers l&rsquo;avant sans serrer les freins en mettant une main sur le guidon et une main sur la selle. La b\u00e9quille s&rsquo;enl\u00e8ve 1-2- Comment mettre la b\u00e9quille Le v\u00e9lo est sur sa b\u00e9quille. Attention il ne faut pas mettre son pied sur &hellip; <\/p>\n<p class=\"link-more\"><a href=\"http:\/\/www.lesvelosdarthur.fr\/index.php\/notice-dutilisation-du-modele-bv-01-et-bve-01\/\" class=\"more-link\">Continuer la lecture<span class=\"screen-reader-text\"> de &laquo;&nbsp;Notice d&rsquo;utilisation du mod\u00e8le BV-01 et BVE-01&nbsp;&raquo;<\/span><\/a><\/p>\n","protected":false},"author":1,"featured_media":0,"parent":0,"menu_order":0,"comment_status":"closed","ping_status":"closed","template":"","meta":{"footnotes":""},"class_list":["post-600","page","type-page","status-publish","hentry"],"_links":{"self":[{"href":"http:\/\/www.lesvelosdarthur.fr\/index.php\/wp-json\/wp\/v2\/pages\/600","targetHints":{"allow":["GET"]}}],"collection":[{"href":"http:\/\/www.lesvelosdarthur.fr\/index.php\/wp-json\/wp\/v2\/pages"}],"about":[{"href":"http:\/\/www.lesvelosdarthur.fr\/index.php\/wp-json\/wp\/v2\/types\/page"}],"author":[{"embeddable":true,"href":"http:\/\/www.lesvelosdarthur.fr\/index.php\/wp-json\/wp\/v2\/users\/1"}],"replies":[{"embeddable":true,"href":"http:\/\/www.lesvelosdarthur.fr\/index.php\/wp-json\/wp\/v2\/comments?post=600"}],"version-history":[{"count":53,"href":"http:\/\/www.lesvelosdarthur.fr\/index.php\/wp-json\/wp\/v2\/pages\/600\/revisions"}],"predecessor-version":[{"id":732,"href":"http:\/\/www.lesvelosdarthur.fr\/index.php\/wp-json\/wp\/v2\/pages\/600\/revisions\/732"}],"wp:attachment":[{"href":"http:\/\/www.lesvelosdarthur.fr\/index.php\/wp-json\/wp\/v2\/media?parent=600"}],"curies":[{"name":"wp","href":"https:\/\/api.w.org\/{rel}","templated":true}]}}