{"id":462,"date":"2022-10-20T11:42:08","date_gmt":"2022-10-20T09:42:08","guid":{"rendered":"http:\/\/www.lesvelosdarthur.fr\/?page_id=462"},"modified":"2023-03-07T10:47:35","modified_gmt":"2023-03-07T09:47:35","slug":"le-velo-complet","status":"publish","type":"page","link":"http:\/\/www.lesvelosdarthur.fr\/index.php\/le-velo-complet\/","title":{"rendered":"Le v\u00e9lo complet"},"content":{"rendered":"\n<p>Tous nos v\u00e9los cargo sont disponibles compl\u00e8tement mont\u00e9s. <\/p>\n\n\n\n<p>Contactez-nous \u00e0 l&rsquo;adresse : <strong>contact@lesvelosdarthur.fr<\/strong> pour faire une demande de prix personnalis\u00e9e.<\/p>\n\n\n\n<figure class=\"wp-block-image size-large\"><img loading=\"lazy\" decoding=\"async\" width=\"683\" height=\"1024\" src=\"http:\/\/www.lesvelosdarthur.fr\/lesvelosdarthur\/wp-content\/uploads\/2022\/09\/DSCF4947-1-683x1024.jpg\" alt=\"\" class=\"wp-image-144\" srcset=\"http:\/\/www.lesvelosdarthur.fr\/lesvelosdarthur\/wp-content\/uploads\/2022\/09\/DSCF4947-1-683x1024.jpg 683w, http:\/\/www.lesvelosdarthur.fr\/lesvelosdarthur\/wp-content\/uploads\/2022\/09\/DSCF4947-1-200x300.jpg 200w, http:\/\/www.lesvelosdarthur.fr\/lesvelosdarthur\/wp-content\/uploads\/2022\/09\/DSCF4947-1-768x1152.jpg 768w, http:\/\/www.lesvelosdarthur.fr\/lesvelosdarthur\/wp-content\/uploads\/2022\/09\/DSCF4947-1-1024x1536.jpg 1024w, http:\/\/www.lesvelosdarthur.fr\/lesvelosdarthur\/wp-content\/uploads\/2022\/09\/DSCF4947-1-1365x2048.jpg 1365w, http:\/\/www.lesvelosdarthur.fr\/lesvelosdarthur\/wp-content\/uploads\/2022\/09\/DSCF4947-1-scaled.jpg 1707w\" sizes=\"auto, (max-width: 683px) 100vw, 683px\" \/><\/figure>\n","protected":false},"excerpt":{"rendered":"<p>Tous nos v\u00e9los cargo sont disponibles compl\u00e8tement mont\u00e9s. Contactez-nous \u00e0 l&rsquo;adresse : contact@lesvelosdarthur.fr pour faire une demande de prix personnalis\u00e9e.<\/p>\n","protected":false},"author":1,"featured_media":0,"parent":0,"menu_order":0,"comment_status":"closed","ping_status":"closed","template":"","meta":{"footnotes":""},"class_list":["post-462","page","type-page","status-publish","hentry"],"_links":{"self":[{"href":"http:\/\/www.lesvelosdarthur.fr\/index.php\/wp-json\/wp\/v2\/pages\/462","targetHints":{"allow":["GET"]}}],"collection":[{"href":"http:\/\/www.lesvelosdarthur.fr\/index.php\/wp-json\/wp\/v2\/pages"}],"about":[{"href":"http:\/\/www.lesvelosdarthur.fr\/index.php\/wp-json\/wp\/v2\/types\/page"}],"author":[{"embeddable":true,"href":"http:\/\/www.lesvelosdarthur.fr\/index.php\/wp-json\/wp\/v2\/users\/1"}],"replies":[{"embeddable":true,"href":"http:\/\/www.lesvelosdarthur.fr\/index.php\/wp-json\/wp\/v2\/comments?post=462"}],"version-history":[{"count":6,"href":"http:\/\/www.lesvelosdarthur.fr\/index.php\/wp-json\/wp\/v2\/pages\/462\/revisions"}],"predecessor-version":[{"id":559,"href":"http:\/\/www.lesvelosdarthur.fr\/index.php\/wp-json\/wp\/v2\/pages\/462\/revisions\/559"}],"wp:attachment":[{"href":"http:\/\/www.lesvelosdarthur.fr\/index.php\/wp-json\/wp\/v2\/media?parent=462"}],"curies":[{"name":"wp","href":"https:\/\/api.w.org\/{rel}","templated":true}]}}

Le vélo complet

<p>Tous nos vélos cargo sont disponibles complètement montés. </p>



<p>Contactez-nous à l&rsquo;adresse : <strong>contact@lesvelosdarthur.fr</strong> pour faire une demande de prix personnalisée.</p>



<figure class="wp-block-image size-large"><img loading="lazy" decoding="async" width="683" height="1024" src="http://www.lesvelosdarthur.fr/lesvelosdarthur/wp-content/uploads/2022/09/DSCF4947-1-683x1024.jpg" alt="" class="wp-image-144" srcset="http://www.lesvelosdarthur.fr/lesvelosdarthur/wp-content/uploads/2022/09/DSCF4947-1-683x1024.jpg 683w, http://www.lesvelosdarthur.fr/lesvelosdarthur/wp-content/uploads/2022/09/DSCF4947-1-200x300.jpg 200w, http://www.lesvelosdarthur.fr/lesvelosdarthur/wp-content/uploads/2022/09/DSCF4947-1-768x1152.jpg 768w, http://www.lesvelosdarthur.fr/lesvelosdarthur/wp-content/uploads/2022/09/DSCF4947-1-1024x1536.jpg 1024w, http://www.lesvelosdarthur.fr/lesvelosdarthur/wp-content/uploads/2022/09/DSCF4947-1-1365x2048.jpg 1365w, http://www.lesvelosdarthur.fr/lesvelosdarthur/wp-content/uploads/2022/09/DSCF4947-1-scaled.jpg 1707w" sizes="auto, (max-width: 683px) 100vw, 683px" /></figure>

<p>Tous nos vélos cargo sont disponibles complètement montés. Contactez-nous à l&rsquo;adresse : contact@lesvelosdarthur.fr pour faire une demande de prix personnalisée.</p>
