{"id":251,"date":"2022-09-09T11:07:58","date_gmt":"2022-09-09T09:07:58","guid":{"rendered":"http:\/\/www.lesvelosdarthur.fr\/?page_id=251"},"modified":"2024-02-27T10:56:31","modified_gmt":"2024-02-27T09:56:31","slug":"kit-a-monter-soi-meme","status":"publish","type":"page","link":"http:\/\/www.lesvelosdarthur.fr\/index.php\/kit-a-monter-soi-meme\/","title":{"rendered":"Kit \u00e0 monter soi-m\u00eame"},"content":{"rendered":"\n<p>Monter le v\u00e9lo soi-m\u00eame offre de nombreux avantages.<\/p>\n\n\n\n<ul class=\"wp-block-list\">\n<li>Il permet de faire des \u00e9conomies importantes,<\/li>\n\n\n\n<li>vous avez la satisfaction de fabriquer vous-m\u00eame votre v\u00e9lo,<\/li>\n\n\n\n<li>vous connaissez parfaitement chaque d\u00e9tail de votre v\u00e9lo,<\/li>\n\n\n\n<li>vous \u00eates capable d&rsquo;entretenir et de r\u00e9parer votre v\u00e9lo,<\/li>\n\n\n\n<li>vous devenez autonome,<\/li>\n\n\n\n<li>vous r\u00e9employez un v\u00e9lo VTT qui dormait dans un garage.<\/li>\n<\/ul>\n\n\n\n<p> <\/p>\n\n\n\n<div class=\"wp-block-media-text alignwide has-media-on-the-right is-stacked-on-mobile\"><div class=\"wp-block-media-text__content\">\n<p>Les V\u00e9los d&rsquo;Arthur vous fournissent toutes les pi\u00e8ces du v\u00e9lo, les rivets de structure et les accessoires n\u00e9cessaires \u00e0 l&rsquo;assemblage.<\/p>\n<\/div><figure class=\"wp-block-media-text__media\"><img loading=\"lazy\" decoding=\"async\" width=\"1024\" height=\"706\" src=\"http:\/\/www.lesvelosdarthur.fr\/lesvelosdarthur\/wp-content\/uploads\/2022\/09\/Kit-1-1024x706.jpg\" alt=\"\" class=\"wp-image-210 size-full\" srcset=\"http:\/\/www.lesvelosdarthur.fr\/lesvelosdarthur\/wp-content\/uploads\/2022\/09\/Kit-1-1024x706.jpg 1024w, http:\/\/www.lesvelosdarthur.fr\/lesvelosdarthur\/wp-content\/uploads\/2022\/09\/Kit-1-300x207.jpg 300w, http:\/\/www.lesvelosdarthur.fr\/lesvelosdarthur\/wp-content\/uploads\/2022\/09\/Kit-1-768x529.jpg 768w, http:\/\/www.lesvelosdarthur.fr\/lesvelosdarthur\/wp-content\/uploads\/2022\/09\/Kit-1-1536x1058.jpg 1536w, http:\/\/www.lesvelosdarthur.fr\/lesvelosdarthur\/wp-content\/uploads\/2022\/09\/Kit-1-2048x1411.jpg 2048w\" sizes=\"auto, (max-width: 706px) 89vw, (max-width: 767px) 82vw, 740px\" \/><\/figure><\/div>\n\n\n\n<div class=\"wp-block-media-text alignwide is-stacked-on-mobile\"><figure class=\"wp-block-media-text__media\"><img loading=\"lazy\" decoding=\"async\" width=\"1024\" height=\"713\" src=\"http:\/\/www.lesvelosdarthur.fr\/lesvelosdarthur\/wp-content\/uploads\/2022\/09\/Kit-2-1024x713.jpg\" alt=\"\" class=\"wp-image-212 size-full\" srcset=\"http:\/\/www.lesvelosdarthur.fr\/lesvelosdarthur\/wp-content\/uploads\/2022\/09\/Kit-2-1024x713.jpg 1024w, http:\/\/www.lesvelosdarthur.fr\/lesvelosdarthur\/wp-content\/uploads\/2022\/09\/Kit-2-300x209.jpg 300w, http:\/\/www.lesvelosdarthur.fr\/lesvelosdarthur\/wp-content\/uploads\/2022\/09\/Kit-2-768x535.jpg 768w, http:\/\/www.lesvelosdarthur.fr\/lesvelosdarthur\/wp-content\/uploads\/2022\/09\/Kit-2-1536x1070.jpg 1536w, http:\/\/www.lesvelosdarthur.fr\/lesvelosdarthur\/wp-content\/uploads\/2022\/09\/Kit-2-2048x1427.jpg 2048w\" sizes=\"auto, (max-width: 706px) 89vw, (max-width: 767px) 82vw, 740px\" \/><\/figure><div class=\"wp-block-media-text__content\">\n<p>Nous vous fournissons les outillages tels que la pince \u00e0 sertir et les petits outillages qui facilitent le montage.<\/p>\n<\/div><\/div>\n\n\n\n<div class=\"wp-block-media-text alignwide has-media-on-the-right is-stacked-on-mobile\"><div class=\"wp-block-media-text__content\">\n<p>Vous disposerez de gammes de montage d\u00e9taill\u00e9es, \u00e9tape par \u00e9tape, compos\u00e9es de plans en perspective, de nomenclatures, de photos, de mod\u00e8les en 3D et de vid\u00e9os.  Afin d&rsquo;\u00e9viter l&rsquo;utilisation de papier, ces documents seront exploitables sur ordinateur, tablette et t\u00e9l\u00e9phone portable.<\/p>\n<\/div><figure class=\"wp-block-media-text__media\"><img loading=\"lazy\" decoding=\"async\" width=\"711\" height=\"742\" src=\"http:\/\/www.lesvelosdarthur.fr\/lesvelosdarthur\/wp-content\/uploads\/2022\/09\/Pied-Bequile-Perspective.jpg\" alt=\"\" class=\"wp-image-260 size-full\" srcset=\"http:\/\/www.lesvelosdarthur.fr\/lesvelosdarthur\/wp-content\/uploads\/2022\/09\/Pied-Bequile-Perspective.jpg 711w, http:\/\/www.lesvelosdarthur.fr\/lesvelosdarthur\/wp-content\/uploads\/2022\/09\/Pied-Bequile-Perspective-287x300.jpg 287w\" sizes=\"auto, (max-width: 711px) 100vw, 711px\" \/><\/figure><\/div>\n\n\n\n<p class=\"has-text-align-center\">Vous devez utiliser un VTT avec des caract\u00e9ristiques d\u00e9finis dans le document t\u00e9l\u00e9chargeable ci-dessous :<\/p>\n\n\n\n<div data-wp-interactive=\"core\/file\" class=\"wp-block-file\"><object data-wp-bind--hidden=\"!state.hasPdfPreview\" hidden class=\"wp-block-file__embed\" data=\"http:\/\/www.lesvelosdarthur.fr\/lesvelosdarthur\/wp-content\/uploads\/2024\/02\/CC-BV-01-02-Rev4-Cahier-des-Charges-VTT-Recycle.pdf\" type=\"application\/pdf\" style=\"width:100%;height:600px\" aria-label=\"Contenu embarqu\u00e9 CC-BV-01-02-Rev4-Cahier-des-Charges-VTT-Recycl\u00e9.\"><\/object><a id=\"wp-block-file--media-af64636b-4e44-4e44-bd5d-3481042015c6\" href=\"http:\/\/www.lesvelosdarthur.fr\/lesvelosdarthur\/wp-content\/uploads\/2024\/02\/CC-BV-01-02-Rev4-Cahier-des-Charges-VTT-Recycle.pdf\">CC-BV-01-02-Rev4-Cahier-des-Charges-VTT-Recycl\u00e9<\/a><a href=\"http:\/\/www.lesvelosdarthur.fr\/lesvelosdarthur\/wp-content\/uploads\/2024\/02\/CC-BV-01-02-Rev4-Cahier-des-Charges-VTT-Recycle.pdf\" class=\"wp-block-file__button wp-element-button\" download aria-describedby=\"wp-block-file--media-af64636b-4e44-4e44-bd5d-3481042015c6\">T\u00e9l\u00e9charger<\/a><\/div>\n","protected":false},"excerpt":{"rendered":"<p>Monter le v\u00e9lo soi-m\u00eame offre de nombreux avantages. Les V\u00e9los d&rsquo;Arthur vous fournissent toutes les pi\u00e8ces du v\u00e9lo, les rivets de structure et les accessoires n\u00e9cessaires \u00e0 l&rsquo;assemblage. Nous vous fournissons les outillages tels que la pince \u00e0 sertir et les petits outillages qui facilitent le montage. Vous disposerez de gammes de montage d\u00e9taill\u00e9es, \u00e9tape &hellip; <\/p>\n<p class=\"link-more\"><a href=\"http:\/\/www.lesvelosdarthur.fr\/index.php\/kit-a-monter-soi-meme\/\" class=\"more-link\">Continuer la lecture<span class=\"screen-reader-text\"> de &laquo;&nbsp;Kit \u00e0 monter soi-m\u00eame&nbsp;&raquo;<\/span><\/a><\/p>\n","protected":false},"author":1,"featured_media":0,"parent":0,"menu_order":0,"comment_status":"closed","ping_status":"closed","template":"","meta":{"footnotes":""},"class_list":["post-251","page","type-page","status-publish","hentry"],"_links":{"self":[{"href":"http:\/\/www.lesvelosdarthur.fr\/index.php\/wp-json\/wp\/v2\/pages\/251","targetHints":{"allow":["GET"]}}],"collection":[{"href":"http:\/\/www.lesvelosdarthur.fr\/index.php\/wp-json\/wp\/v2\/pages"}],"about":[{"href":"http:\/\/www.lesvelosdarthur.fr\/index.php\/wp-json\/wp\/v2\/types\/page"}],"author":[{"embeddable":true,"href":"http:\/\/www.lesvelosdarthur.fr\/index.php\/wp-json\/wp\/v2\/users\/1"}],"replies":[{"embeddable":true,"href":"http:\/\/www.lesvelosdarthur.fr\/index.php\/wp-json\/wp\/v2\/comments?post=251"}],"version-history":[{"count":21,"href":"http:\/\/www.lesvelosdarthur.fr\/index.php\/wp-json\/wp\/v2\/pages\/251\/revisions"}],"predecessor-version":[{"id":736,"href":"http:\/\/www.lesvelosdarthur.fr\/index.php\/wp-json\/wp\/v2\/pages\/251\/revisions\/736"}],"wp:attachment":[{"href":"http:\/\/www.lesvelosdarthur.fr\/index.php\/wp-json\/wp\/v2\/media?parent=251"}],"curies":[{"name":"wp","href":"https:\/\/api.w.org\/{rel}","templated":true}]}}

Kit à monter soi-même

<p>Monter le vélo soi-même offre de nombreux avantages.</p>



<ul class="wp-block-list">
<li>Il permet de faire des économies importantes,</li>



<li>vous avez la satisfaction de fabriquer vous-même votre vélo,</li>



<li>vous connaissez parfaitement chaque détail de votre vélo,</li>



<li>vous êtes capable d&rsquo;entretenir et de réparer votre vélo,</li>



<li>vous devenez autonome,</li>



<li>vous réemployez un vélo VTT qui dormait dans un garage.</li>
</ul>



<p> </p>



<div class="wp-block-media-text alignwide has-media-on-the-right is-stacked-on-mobile"><div class="wp-block-media-text__content">
<p>Les Vélos d&rsquo;Arthur vous fournissent toutes les pièces du vélo, les rivets de structure et les accessoires nécessaires à l&rsquo;assemblage.</p>
</div><figure class="wp-block-media-text__media"><img loading="lazy" decoding="async" width="1024" height="706" src="http://www.lesvelosdarthur.fr/lesvelosdarthur/wp-content/uploads/2022/09/Kit-1-1024x706.jpg" alt="" class="wp-image-210 size-full" srcset="http://www.lesvelosdarthur.fr/lesvelosdarthur/wp-content/uploads/2022/09/Kit-1-1024x706.jpg 1024w, http://www.lesvelosdarthur.fr/lesvelosdarthur/wp-content/uploads/2022/09/Kit-1-300x207.jpg 300w, http://www.lesvelosdarthur.fr/lesvelosdarthur/wp-content/uploads/2022/09/Kit-1-768x529.jpg 768w, http://www.lesvelosdarthur.fr/lesvelosdarthur/wp-content/uploads/2022/09/Kit-1-1536x1058.jpg 1536w, http://www.lesvelosdarthur.fr/lesvelosdarthur/wp-content/uploads/2022/09/Kit-1-2048x1411.jpg 2048w" sizes="auto, (max-width: 706px) 89vw, (max-width: 767px) 82vw, 740px" /></figure></div>



<div class="wp-block-media-text alignwide is-stacked-on-mobile"><figure class="wp-block-media-text__media"><img loading="lazy" decoding="async" width="1024" height="713" src="http://www.lesvelosdarthur.fr/lesvelosdarthur/wp-content/uploads/2022/09/Kit-2-1024x713.jpg" alt="" class="wp-image-212 size-full" srcset="http://www.lesvelosdarthur.fr/lesvelosdarthur/wp-content/uploads/2022/09/Kit-2-1024x713.jpg 1024w, http://www.lesvelosdarthur.fr/lesvelosdarthur/wp-content/uploads/2022/09/Kit-2-300x209.jpg 300w, http://www.lesvelosdarthur.fr/lesvelosdarthur/wp-content/uploads/2022/09/Kit-2-768x535.jpg 768w, http://www.lesvelosdarthur.fr/lesvelosdarthur/wp-content/uploads/2022/09/Kit-2-1536x1070.jpg 1536w, http://www.lesvelosdarthur.fr/lesvelosdarthur/wp-content/uploads/2022/09/Kit-2-2048x1427.jpg 2048w" sizes="auto, (max-width: 706px) 89vw, (max-width: 767px) 82vw, 740px" /></figure><div class="wp-block-media-text__content">
<p>Nous vous fournissons les outillages tels que la pince à sertir et les petits outillages qui facilitent le montage.</p>
</div></div>



<div class="wp-block-media-text alignwide has-media-on-the-right is-stacked-on-mobile"><div class="wp-block-media-text__content">
<p>Vous disposerez de gammes de montage détaillées, étape par étape, composées de plans en perspective, de nomenclatures, de photos, de modèles en 3D et de vidéos.  Afin d&rsquo;éviter l&rsquo;utilisation de papier, ces documents seront exploitables sur ordinateur, tablette et téléphone portable.</p>
</div><figure class="wp-block-media-text__media"><img loading="lazy" decoding="async" width="711" height="742" src="http://www.lesvelosdarthur.fr/lesvelosdarthur/wp-content/uploads/2022/09/Pied-Bequile-Perspective.jpg" alt="" class="wp-image-260 size-full" srcset="http://www.lesvelosdarthur.fr/lesvelosdarthur/wp-content/uploads/2022/09/Pied-Bequile-Perspective.jpg 711w, http://www.lesvelosdarthur.fr/lesvelosdarthur/wp-content/uploads/2022/09/Pied-Bequile-Perspective-287x300.jpg 287w" sizes="auto, (max-width: 711px) 100vw, 711px" /></figure></div>



<p class="has-text-align-center">Vous devez utiliser un VTT avec des caractéristiques définis dans le document téléchargeable ci-dessous :</p>



<div data-wp-interactive="core/file" class="wp-block-file"><object data-wp-bind--hidden="!state.hasPdfPreview" hidden class="wp-block-file__embed" data="http://www.lesvelosdarthur.fr/lesvelosdarthur/wp-content/uploads/2024/02/CC-BV-01-02-Rev4-Cahier-des-Charges-VTT-Recycle.pdf" type="application/pdf" style="width:100%;height:600px" aria-label="Contenu embarqué CC-BV-01-02-Rev4-Cahier-des-Charges-VTT-Recyclé."></object><a id="wp-block-file--media-af64636b-4e44-4e44-bd5d-3481042015c6" href="http://www.lesvelosdarthur.fr/lesvelosdarthur/wp-content/uploads/2024/02/CC-BV-01-02-Rev4-Cahier-des-Charges-VTT-Recycle.pdf">CC-BV-01-02-Rev4-Cahier-des-Charges-VTT-Recyclé</a><a href="http://www.lesvelosdarthur.fr/lesvelosdarthur/wp-content/uploads/2024/02/CC-BV-01-02-Rev4-Cahier-des-Charges-VTT-Recycle.pdf" class="wp-block-file__button wp-element-button" download aria-describedby="wp-block-file--media-af64636b-4e44-4e44-bd5d-3481042015c6">Télécharger</a></div>

<p>Monter le vélo soi-même offre de nombreux avantages. Les Vélos d&rsquo;Arthur vous fournissent toutes les pièces du vélo, les rivets de structure et les accessoires nécessaires à l&rsquo;assemblage. Nous vous fournissons les outillages tels que la pince à sertir et les petits outillages qui facilitent le montage. Vous disposerez de gammes de montage détaillées, étape &hellip; </p>
<p class="link-more"><a href="http://www.lesvelosdarthur.fr/index.php/kit-a-monter-soi-meme/" class="more-link">Continuer la lecture<span class="screen-reader-text"> de &laquo;&nbsp;Kit à monter soi-même&nbsp;&raquo;</span></a></p>
