{"id":126,"date":"2022-09-07T10:29:33","date_gmt":"2022-09-07T08:29:33","guid":{"rendered":"http:\/\/www.lesvelosdarthur.fr\/?page_id=126"},"modified":"2023-03-07T10:49:41","modified_gmt":"2023-03-07T09:49:41","slug":"pourquoi-des-velos-durables","status":"publish","type":"page","link":"http:\/\/www.lesvelosdarthur.fr\/index.php\/pourquoi-des-velos-durables\/","title":{"rendered":"Pourquoi des v\u00e9los durables ?"},"content":{"rendered":"\n<ul class=\"wp-block-list\">\n<li>Pour que l&rsquo;\u00e9nergie consomm\u00e9e et la production de CO2 cr\u00e9\u00e9e lors de la fabrication soient rentabilis\u00e9es au maximum, il est important d\u2019utiliser le v\u00e9lo cargo le plus longtemps possible.<\/li>\n\n\n\n<li>Pour transmettre son v\u00e9lo cargo plut\u00f4t que de le mettre au rebus.<\/li>\n<\/ul>\n\n\n\n<figure class=\"wp-block-image size-large\"><img loading=\"lazy\" decoding=\"async\" width=\"1024\" height=\"670\" src=\"http:\/\/www.lesvelosdarthur.fr\/lesvelosdarthur\/wp-content\/uploads\/2022\/10\/Kit-Partiel-1024x670.jpg\" alt=\"\" class=\"wp-image-361\" srcset=\"http:\/\/www.lesvelosdarthur.fr\/lesvelosdarthur\/wp-content\/uploads\/2022\/10\/Kit-Partiel-1024x670.jpg 1024w, http:\/\/www.lesvelosdarthur.fr\/lesvelosdarthur\/wp-content\/uploads\/2022\/10\/Kit-Partiel-300x196.jpg 300w, http:\/\/www.lesvelosdarthur.fr\/lesvelosdarthur\/wp-content\/uploads\/2022\/10\/Kit-Partiel-768x503.jpg 768w, http:\/\/www.lesvelosdarthur.fr\/lesvelosdarthur\/wp-content\/uploads\/2022\/10\/Kit-Partiel.jpg 1329w\" sizes=\"auto, (max-width: 706px) 89vw, (max-width: 767px) 82vw, 740px\" \/><\/figure>\n\n\n\n<p class=\"has-text-align-right\"><strong><a href=\"http:\/\/www.lesvelosdarthur.fr\/index.php\/le-concept\/\">Retour<\/a><\/strong><\/p>\n","protected":false},"excerpt":{"rendered":"<p>Retour<\/p>\n","protected":false},"author":1,"featured_media":0,"parent":0,"menu_order":0,"comment_status":"closed","ping_status":"closed","template":"","meta":{"footnotes":""},"class_list":["post-126","page","type-page","status-publish","hentry"],"_links":{"self":[{"href":"http:\/\/www.lesvelosdarthur.fr\/index.php\/wp-json\/wp\/v2\/pages\/126","targetHints":{"allow":["GET"]}}],"collection":[{"href":"http:\/\/www.lesvelosdarthur.fr\/index.php\/wp-json\/wp\/v2\/pages"}],"about":[{"href":"http:\/\/www.lesvelosdarthur.fr\/index.php\/wp-json\/wp\/v2\/types\/page"}],"author":[{"embeddable":true,"href":"http:\/\/www.lesvelosdarthur.fr\/index.php\/wp-json\/wp\/v2\/users\/1"}],"replies":[{"embeddable":true,"href":"http:\/\/www.lesvelosdarthur.fr\/index.php\/wp-json\/wp\/v2\/comments?post=126"}],"version-history":[{"count":11,"href":"http:\/\/www.lesvelosdarthur.fr\/index.php\/wp-json\/wp\/v2\/pages\/126\/revisions"}],"predecessor-version":[{"id":530,"href":"http:\/\/www.lesvelosdarthur.fr\/index.php\/wp-json\/wp\/v2\/pages\/126\/revisions\/530"}],"wp:attachment":[{"href":"http:\/\/www.lesvelosdarthur.fr\/index.php\/wp-json\/wp\/v2\/media?parent=126"}],"curies":[{"name":"wp","href":"https:\/\/api.w.org\/{rel}","templated":true}]}}

Pourquoi des vélos durables ?

<ul class="wp-block-list">
<li>Pour que l&rsquo;énergie consommée et la production de CO2 créée lors de la fabrication soient rentabilisées au maximum, il est important d’utiliser le vélo cargo le plus longtemps possible.</li>



<li>Pour transmettre son vélo cargo plutôt que de le mettre au rebus.</li>
</ul>



<figure class="wp-block-image size-large"><img loading="lazy" decoding="async" width="1024" height="670" src="http://www.lesvelosdarthur.fr/lesvelosdarthur/wp-content/uploads/2022/10/Kit-Partiel-1024x670.jpg" alt="" class="wp-image-361" srcset="http://www.lesvelosdarthur.fr/lesvelosdarthur/wp-content/uploads/2022/10/Kit-Partiel-1024x670.jpg 1024w, http://www.lesvelosdarthur.fr/lesvelosdarthur/wp-content/uploads/2022/10/Kit-Partiel-300x196.jpg 300w, http://www.lesvelosdarthur.fr/lesvelosdarthur/wp-content/uploads/2022/10/Kit-Partiel-768x503.jpg 768w, http://www.lesvelosdarthur.fr/lesvelosdarthur/wp-content/uploads/2022/10/Kit-Partiel.jpg 1329w" sizes="auto, (max-width: 706px) 89vw, (max-width: 767px) 82vw, 740px" /></figure>



<p class="has-text-align-right"><strong><a href="http://www.lesvelosdarthur.fr/index.php/le-concept/">Retour</a></strong></p>
