{"id":11,"date":"2022-08-10T17:10:29","date_gmt":"2022-08-10T15:10:29","guid":{"rendered":"http:\/\/www.lesvelosdarthur.fr\/lesvelosdarthur\/?page_id=11"},"modified":"2023-03-07T10:44:31","modified_gmt":"2023-03-07T09:44:31","slug":"contact","status":"publish","type":"page","link":"http:\/\/www.lesvelosdarthur.fr\/index.php\/contact\/","title":{"rendered":"Contact"},"content":{"rendered":"\n<p class=\"has-text-align-center\">Les v\u00e9los d&rsquo;Arthur sont situ\u00e9s \u00e0 Charleville M\u00e9zi\u00e8res dans le d\u00e9partement des Ardennes.<\/p>\n\n\n\n<p class=\"has-text-align-center\">Pour nous contacter envoyez nous un mail \u00e0 l&rsquo;adresse suivante :<\/p>\n\n\n\n<p class=\"has-text-align-center\"><strong>contact@lesvelosdarthur.fr<\/strong><\/p>\n\n\n\n<figure class=\"wp-block-image size-large\"><img loading=\"lazy\" decoding=\"async\" width=\"1024\" height=\"724\" src=\"http:\/\/www.lesvelosdarthur.fr\/lesvelosdarthur\/wp-content\/uploads\/2022\/09\/Logo-Crass-Root-1024x724.jpg\" alt=\"\" class=\"wp-image-150\" srcset=\"http:\/\/www.lesvelosdarthur.fr\/lesvelosdarthur\/wp-content\/uploads\/2022\/09\/Logo-Crass-Root-1024x724.jpg 1024w, http:\/\/www.lesvelosdarthur.fr\/lesvelosdarthur\/wp-content\/uploads\/2022\/09\/Logo-Crass-Root-300x212.jpg 300w, http:\/\/www.lesvelosdarthur.fr\/lesvelosdarthur\/wp-content\/uploads\/2022\/09\/Logo-Crass-Root-768x543.jpg 768w, http:\/\/www.lesvelosdarthur.fr\/lesvelosdarthur\/wp-content\/uploads\/2022\/09\/Logo-Crass-Root.jpg 1123w\" sizes=\"auto, (max-width: 706px) 89vw, (max-width: 767px) 82vw, 740px\" \/><\/figure>\n","protected":false},"excerpt":{"rendered":"<p>Les v\u00e9los d&rsquo;Arthur sont situ\u00e9s \u00e0 Charleville M\u00e9zi\u00e8res dans le d\u00e9partement des Ardennes. Pour nous contacter envoyez nous un mail \u00e0 l&rsquo;adresse suivante : contact@lesvelosdarthur.fr<\/p>\n","protected":false},"author":1,"featured_media":0,"parent":0,"menu_order":0,"comment_status":"closed","ping_status":"closed","template":"","meta":{"footnotes":""},"class_list":["post-11","page","type-page","status-publish","hentry"],"_links":{"self":[{"href":"http:\/\/www.lesvelosdarthur.fr\/index.php\/wp-json\/wp\/v2\/pages\/11","targetHints":{"allow":["GET"]}}],"collection":[{"href":"http:\/\/www.lesvelosdarthur.fr\/index.php\/wp-json\/wp\/v2\/pages"}],"about":[{"href":"http:\/\/www.lesvelosdarthur.fr\/index.php\/wp-json\/wp\/v2\/types\/page"}],"author":[{"embeddable":true,"href":"http:\/\/www.lesvelosdarthur.fr\/index.php\/wp-json\/wp\/v2\/users\/1"}],"replies":[{"embeddable":true,"href":"http:\/\/www.lesvelosdarthur.fr\/index.php\/wp-json\/wp\/v2\/comments?post=11"}],"version-history":[{"count":6,"href":"http:\/\/www.lesvelosdarthur.fr\/index.php\/wp-json\/wp\/v2\/pages\/11\/revisions"}],"predecessor-version":[{"id":501,"href":"http:\/\/www.lesvelosdarthur.fr\/index.php\/wp-json\/wp\/v2\/pages\/11\/revisions\/501"}],"wp:attachment":[{"href":"http:\/\/www.lesvelosdarthur.fr\/index.php\/wp-json\/wp\/v2\/media?parent=11"}],"curies":[{"name":"wp","href":"https:\/\/api.w.org\/{rel}","templated":true}]}}

<p class="has-text-align-center">Les vélos d&rsquo;Arthur sont situés à Charleville Mézières dans le département des Ardennes.</p>



<p class="has-text-align-center">Pour nous contacter envoyez nous un mail à l&rsquo;adresse suivante :</p>



<p class="has-text-align-center"><strong>contact@lesvelosdarthur.fr</strong></p>



<figure class="wp-block-image size-large"><img loading="lazy" decoding="async" width="1024" height="724" src="http://www.lesvelosdarthur.fr/lesvelosdarthur/wp-content/uploads/2022/09/Logo-Crass-Root-1024x724.jpg" alt="" class="wp-image-150" srcset="http://www.lesvelosdarthur.fr/lesvelosdarthur/wp-content/uploads/2022/09/Logo-Crass-Root-1024x724.jpg 1024w, http://www.lesvelosdarthur.fr/lesvelosdarthur/wp-content/uploads/2022/09/Logo-Crass-Root-300x212.jpg 300w, http://www.lesvelosdarthur.fr/lesvelosdarthur/wp-content/uploads/2022/09/Logo-Crass-Root-768x543.jpg 768w, http://www.lesvelosdarthur.fr/lesvelosdarthur/wp-content/uploads/2022/09/Logo-Crass-Root.jpg 1123w" sizes="auto, (max-width: 706px) 89vw, (max-width: 767px) 82vw, 740px" /></figure>

<p>Les vélos d&rsquo;Arthur sont situés à Charleville Mézières dans le département des Ardennes. Pour nous contacter envoyez nous un mail à l&rsquo;adresse suivante : contact@lesvelosdarthur.fr</p>
